 remainder when 39 is divided by d(-1)?
18
Let a be (-75)/(-10)*(-4)/(-6). Let b(m) = m**3 - 4*m**2 - 6*m + 7. What is the remainder when 3 is divided by b(a)?
1
Suppose 3*h = 8*h + 10. Let l be (h/(-6))/(3/9). Let k = 1 + l. Calculate the remainder when 2 is divided by k.
0
Let a = 27 - 13. Let y = -4 - -3. Calculate the remainder when 3 - 200/(4/y) is divided by a.
11
Let i = 2 - -1. Suppose 0 = 2*m, i*x + 3*m - m - 24 = 0. What is the remainder when 31 is divided by x?
7
Let f = 142 - 74. What is the remainder when f is divided by 14?
12
Let g = 48 - 32. Calculate the remainder when 25 is divided by g.
9
Let q be 14*((-6)/(-4) + -4). Let k = -2 + 2. Calculate the remainder when (k + -3)/3*q is divided by 12.
11
Let u(s) = 4*s + 7. Let j be 1/((-1)/2) + 7. Suppose 6*d = d + 70. What is the remainder when u(j) is divided by d?
13
Suppose -5*i = 5*l - 275, -3*i - 14 = -l + 45. Let j(x) = -x - 1. Let a be j(-1). Suppose -g = -a*g - 19. Calculate the remainder when l is divided by g.
18
Let x(f) = 15*f**2 - 4*f + 3. Let v be x(2). Suppose v = 3*u + 19. Suppose u = k + k. Calculate the remainder when 17 is divided by k.
5
Suppose -3*z + 5*z + a + 18 = 0, 0 = z + a + 11. Let c(o) = o**3 + 7*o**2 - 3*o. Calculate the remainder when c(z) is divided by 12.
9
Let u(r) be the second derivative of -1/4*r**4 - r**3 + 0 - 5/2*r**2 + 2*r + 1/20*r**5. Calculate the remainder when u(5) is divided by 8.
7
Let t(d) = -d**3 + d**2 + 6*d - 1. Calculate the remainder when t(-3) is divided by 6.
5
Suppose -v + 0*v + 28 = 0. Let c = -145 - -226. What is the remainder when c is divided by v?
25
Suppose 3*x - 10 = -4. Suppose -68 = -5*a - 2*o, -x*a - 6 + 42 = 3*o. Calculate the remainder when 35 is divided by a.
11
What is the remainder when (-16)/6*6/(-4) is divided by 3?
1
Let x be 24/9*21/2. Suppose 3*m + 26 = -4*g + 118, -m = -3*g + 82. What is the remainder when g is divided by x/(-6)*(-3 - 0)?
12
Let b be ((-3)/5)/(1/(-5)). Suppose -5*g = -x - 426, -x = -b*g + x + 257. Let q = g + -59. What is the remainder when q is divided by 7?
5
Suppose 2*a = 88 + 62. Suppose -6*p + r + a = -p, -9 = -p - r. What is the remainder when 41 is divided by p?
13
Let l = -74 - -171. Calculate the remainder when l is divided by 51.
46
Suppose 5*n - 219 = -9. What is the remainder when n is divided by 15?
12
Suppose 6 + 5 = 5*f - 2*i, 0 = -4*f + 4*i + 4. Let r(n) = 3*n**2 + n + 2. What is the remainder when r(f) is divided by 11?
10
Let g = 12 - 8. What is the remainder when 27 is divided by 136/14 + g/14?
7
Suppose -5*m - m + 36 = 0. What is the remainder when m is divided by 3?
0
Let b be 1/4 - 91/(-4). Let o = -14 + b. Calculate the remainder when 25 is divided by o.
7
Let p = -186 - -246. Calculate the remainder when p is divided by 17.
9
Suppose 0 = 3*f - 78 - 66. Calculate the remainder when f is divided by 7.
6
Let t(u) be the third derivative of u**4/8 - u**3 - 3*u**2. Calculate the remainder when 61 is divided by t(9).
19
Let a = 46 + -42. Calculate the remainder when 14 is divided by a.
2
Let n(b) = -b**3 + 10*b**2 - 7*b - 10. What is the remainder when n(8) is divided by 32?
30
Let x = 148 - 100. Suppose 0*i + 2*i = -2*r + 40, 4*i - x = 4*r. Calculate the remainder when 61 is divided by i.
13
Let p be -3*((-3 - -3) + -1). Suppose -p*x - 56 = -7*x. Calculate the remainder when 39 is divided by x.
11
Let u(h) = h**2 - 2*h - 2. Let y be u(4). Suppose b = 7 + y. What is the remainder when b is divided by 5?
3
Let m(d) = 4*d**2 + d. Let h = -1 - 0. Let j be m(h). Suppose -2*r + 28 = -4*z, j*z + 84 = 5*r + 21. Calculate the remainder when r is divided by 7.
5
Suppose -3*h - 11 = -2*d, -15 = 5*h - h - 3*d. What is the remainder when 1/(-4) + (-26)/(-8) is divided by 3*-2*h/9?
1
Suppose 2*q + 2*m - 51 = q, 5*q - 5*m = 255. Let z = q + -36. Let r = z + -8. What is the remainder when 20 is divided by r?
6
Let r be (-44)/(-10) + (-15)/(-25). Suppose 4*p + 2*z - 77 = 3*z, -z + 94 = r*p. What is the remainder when p is divided by 7?
5
Suppose 7*w = 9*w - 46. Suppose -2 = 5*q - 32. Calculate the remainder when w is divided by q.
5
Let w = -84 + 118. Calculate the remainder when 134 is divided by w.
32
Let z = -1 + 6. Let h(g) = 8*g**2 + 1. What is the remainder when h(-1) is divided by z?
4
Let q = -13 - -23. Suppose 4*j - u = -9 - q, 4*j - 3*u + 25 = 0. Calculate the remainder when 28 is divided by (10/j)/((-3)/12).
8
Let h(m) = -3*m + 8. Calculate the remainder when h(-6) is divided by 14.
12
Let l(s) = s**2 + 18. Suppose 0 = 4*b + 5*c - 10, 1 - 3 = -3*b - c. Suppose 35 + 33 = 2*m. Calculate the remainder when m is divided by l(b).
16
Suppose 135 = 5*h - 95. Let w = h - 29. What is the remainder when w is divided by 5?
2
Suppose -5*i - 21 + 81 = 0. Suppose 2*j = 4*f - 3*j - 155, -2*j + 29 = f. Calculate the remainder when f is divided by i.
11
Let a(w) = -w**2 + 4*w + 3. Let n be a(5). Suppose -5*i = -4*z + 38 - 2, 3*i + 4*z = 4. What is the remainder when 6 is divided by n/i*(-1 - -9)?
2
Suppose 0 = -u + 42 - 2. What is the remainder when u is divided by 16?
8
Let w(k) = -5*k - 49. Calculate the remainder when 60 is divided by w(-13).
12
Let x(m) = 26*m**3 + m**2 - m + 1. Let i be x(1). Suppose -5*r - 27 = -77. What is the remainder when 4/(-18) - (-789)/i is divided by r?
9
Let q be 18/8 - 2/8. What is the remainder when (-219)/(-9) + q/(-6) is divided by 9?
6
Let s = 5 + 1. Suppose k + 17 = q + s*k, 5*k = 5*q - 85. What is the remainder when 48 is divided by q?
14
Suppose b - 64 = -b. Let k = b + 16. Calculate the remainder when k is divided by (-22)/4*-4 + -5.
14
Let f(a) = 4*a. Let s be f(1). Suppose 0 = -s*j + 2*g + 4, -2*j - 2*g + 2 = -4*j. What is the remainder when j is divided by 2?
1
Suppose 3*w = -w + 60. Suppose -4*m = -0*g + g - 49, -2*m - 4*g + 28 = 0. What is the remainder when 132/10*40/m is divided by w?
14
Let f = 0 + 4. Suppose 30 = f*n - n. What is the remainder when 29 is divided by n?
9
Let k be ((-6)/5)/(5/(-25)). Suppose 5*w + 25 = 0, -n - 2*w - 20 = -k*n. Suppose 10 - 2 = 2*o. Calculate the remainder when o is divided by n.
0
Let v = 4 + -7. Calculate the remainder when 22 is divided by ((-12)/15)/(v/45).
10
Let t(x) = 14*x**2 - 2*x + 1. Suppose 3*c + 0 = 3. Calculate the remainder when t(c) is divided by 4.
1
Let b(k) = k**3 + 8*k**2 + 4*k - 7. Let g be 5*(1 - 2)/1. Let n be b(g). Suppose -n = c - 5*c. Calculate the remainder when c is divided by 7.
5
Let u(f) = f + 6. Let r be u(-6). Let d be r + 9/3 + 0. Suppose t + 18 = -x + d*x, -2*x = -3*t - 18. Calculate the remainder when 17 is divided by x.
8
Let k = 67 - 25. Suppose -5*z = -y + 40, -4*y + 3*z + 85 = -2*z. What is the remainder when k is divided by y?
12
What is the remainder when 10 is divided by (-5)/(15/(-2))*9?
4
Let d be -1 + 9 + 6/(-2). Suppose d*q + 2 = 7. Calculate the remainder when 14 is divided by q*16*11/22.
6
Suppose 0 = -5*o + o + 116. Let a = -15 + o. What is the remainder when a is divided by 4?
2
Suppose -g + 2*t + 27 = 0, -12 = -t - 2*t. Calculate the remainder when 104 is divided by g.
34
Suppose 0 = -2*g - 18 - 10. Let o = -1 - g. What is the remainder when 50 is divided by o?
11
Let r(l) = 18*l - 7. Let w(x) = -126*x + 48. Let a(p) = -27*r(p) - 4*w(p). Calculate the remainder when a(2) is divided by 12.
9
Let z(v) = v**2 + 7*v - 12. Calculate the remainder when 33 is divided by z(3).
15
Suppose o = -2*o + 3*x + 21, -5*x - 7 = 2*o. Suppose 4*w = -t + 159, 2*t = -o*w + 7*t + 189. Calculate the remainder when w is divided by 22.
19
Let g(k) = 4*k + 36. Let s = -20 - -11. Calculate the remainder when g(-8) is divided by (-6)/s + 7/3.
1
Suppose 51 = 4*l + 5*p, -3*p + 31 = 3*l - 5. What is the remainder when 24 is divided by l?
6
Let t(a) = 2*a - 5*a - a**3 + 2*a**3 + 3*a**2. Let l(x) = 3*x - 1. What is the remainder when l(9) is divided by t(2)?
12
Let p be 25/2*(4 + 4). Suppose 0 = 5*g + d - p, g = -g + 3*d + 23. Suppose -2*s + 15 = -g. What is the remainder when s is divided by 6?
5
Suppose 4*x + 94 = 2*l - 4, -53 = -2*l - 5*x. What is the remainder when l is divided by 15?
9
What is the remainder when 35 is divided by (-1)/(-3) + (-224)/(-12)?
16
Suppose -d - 4*i + 16 = 2*d, 4*d - 4*i - 12 = 0. Suppose 0 = -d*v + 100 - 20. Suppose -3*a - 5 = -38. What is the remainder when v 